
3515
What is the remainder when 6501008 is divided by 6?
2
What is the remainder when 1104157 is divided by 368043?
28
Calculate the remainder when 10462167 is divided by 615421.
10
Calculate the remainder when 649367 is divided by 606.
341
What is the remainder when 5908967 is divided by 530?
527
Calculate the remainder when 6033314 is divided by 1849.
27
Calculate the remainder when 265963 is divided by 6044.
27
What is the remainder when 9869102 is divided by 851?
55
What is the remainder when 8069995 is divided by 1076?
1071
Calculate the remainder when 36311307 is divided by 10.
7
Calculate the remainder when 1162734 is divided by 783.
762
Calculate the remainder when 219664 is divided by 142.
132
Calculate the remainder when 8702507 is divided by 2900833.
8
What is the remainder when 277870 is divided by 6614?
82
Calculate the remainder when 2930879 is divided by 1405.
49
Calculate the remainder when 117325 is divided by 4646.
1175
What is the remainder when 5316810 is divided by 8426?
4
Calculate the remainder when 88556016 is divided by 59.
25
What is the remainder when 18858535 is divided by 83?
22
What is the remainder when 161414 is divided by 3752?
78
What is the remainder when 73379899 is divided by 1834497?
19
What is the remainder when 453103520 is divided by 226551756?
8
Calculate the remainder when 19773800 is divided by 49.
46
What is the remainder when 342473 is divided by 12342?
9239
What is the remainder when 168842 is divided by 42206?
18
Calculate the remainder when 529490 is divided by 232.
66
What is the remainder when 423617993 is divided by 4762?
4759
What is the remainder when 1511640 is divided by 503865?
45
What is the remainder when 105127 is divided by 52272?
583
What is the remainder when 28621 is divided by 544?
333
Calculate the remainder when 213823 is divided by 106904.
15
What is the remainder when 68425475 is divided by 21?
20
Calculate the remainder when 91357 is divided by 693.
574
What is the remainder when 2111909 is divided by 2266?
2263
Calculate the remainder when 342848 is divided by 276.
56
Calculate the remainder when 2612083 is divided by 54.
49
What is the remainder when 734694 is divided by 81631?
15
Calculate the remainder when 9226660 is divided by 2049.
13
What is the remainder when 564567 is divided by 112768?
727
What is the remainder when 9026123 is divided by 1595?
18
What is the remainder when 70309101 is divided by 140?
121
What is the remainder when 1995312 is divided by 124706?
16
Calculate the remainder when 964509 is divided by 32119.
939
What is the remainder when 95211 is divided by 12480?
7851
Calculate the remainder when 441875 is divided by 5814.
11
What is the remainder when 298827 is divided by 283?
262
Calculate the remainder when 459030 is divided by 301.
5
Calculate the remainder when 13475990 is divided by 1373.
1368
What is the remainder when 40449167 is divided by 3907?
3903
What is the remainder when 48453132 is divided by 69?
21
Calculate the remainder when 7895 is divided by 98.
55
Calculate the remainder when 177408275 is divided by 27.
23
What is the remainder when 6919 is divided by 1154?
1149
Calculate the remainder when 107974646 is divided by 14.
10
Calculate the remainder when 18403346 is divided by 235.
26
Calculate the remainder when 615324839 is divided by 1334.
1331
What is the remainder when 225957009 is divided by 200?
9
Calculate the remainder when 345998 is divided by 61.
6
What is the remainder when 874284 is divided by 198?
114
Calculate the remainder when 8322838 is divided by 316.
30
What is the remainder when 93270156 is divided by 16?
12
Calculate the remainder when 93079 is divided by 1360.
599
What is the remainder when 26349843 is divided by 113?
51
What is the remainder when 27503181 is divided by 848?
845
What is the remainder when 136591 is divided by 136580?
11
What is the remainder when 4148890 is divided by 176?
42
What is the remainder when 246749 is divided by 35217?
230
What is the remainder when 385044 is divided by 3500?
44
What is the remainder when 723447 is divided by 2815?
2807
Calculate the remainder when 3461517 is divided by 7922.
7525
What is the remainder when 3686784 is divided by 1843369?
46
What is the remainder when 2541741 is divided by 282414?
15
What is the remainder when 554408 is divided by 42519?
1661
What is the remainder when 18247708 is divided by 4561925?
8
What is the remainder when 1364312 is divided by 341075?
12
What is the remainder when 77265 is divided by 70794?
6471
Calculate the remainder when 144593608 is divided by 42.
40
Calculate the remainder when 74338541 is divided by 10619791.
4
What is the remainder when 442943 is divided by 241?
226
What is the remainder when 65866614 is divided by 30822?
0
Calculate the remainder when 2062366 is divided by 508.
394
Calculate the remainder when 1129711 is divided by 10968.
7
What is the remainder when 109044 is divided by 803?
639
Calculate the remainder when 17079737 is divided by 75574.
13
Calculate the remainder when 887169 is divided by 27724.
1
Calculate the remainder when 32406434 is divided by 44.
38
What is the remainder when 65482371 is divided by 149?
0
Calculate the remainder when 4118046 is divided by 22.
20
Calculate the remainder when 87125 is divided by 77756.
9369
Calculate the remainder when 72855533 is divided by 768.
749
What is the remainder when 13943025 is divided by 106?
103
What is the remainder when 414586 is divided by 51794?
234
What is the remainder when 1494981 is divided by 71188?
33
Calculate the remainder when 762438 is divided by 244.
182
Calculate the remainder when 185468092 is divided by 14266776.
4
What is the remainder when 112653548 is divided by 63?
35
What is the remainder when 16535266 is divided by 2755876?
10
Calculate the remainder when 1883315 is divided by 61.
1
Calculate the remainder when 2084272 is divided by 4601.
19
Calculate the remainder when 371819 is divided by 136.
131
Calculate the remainder when 1253293 is divided by 3247.
3198
Calculate the remainder when 24111 is divided by 1195.
211
What is the remainder when 1382 is divided by 307?
154
What is the remainder when 642533 is divided by 64252?
13
What is the remainder when 133323 is divided by 281?
129
Calculate the remainder when 6306 is divided by 547.
289
Calculate the remainder when 482362 is divided by 160776.
34
Calculate the remainder when 1151121 is divided by 2041.
2038
What is the remainder when 6412908 is divided by 170?
168
Calculate the remainder when 663444 is divided by 1211.
1027
What is the remainder when 209033 is divided by 103668?
1697
Calculate the remainder when 1119852 is divided by 5287.
4295
What is the remainder when 49538 is divided by 1761?
230
Calculate the remainder when 408078 is divided by 270.
108
What is the remainder when 30492637 is divided by 109?
105
What is the remainder when 3879649 is divided by 25524?
1
What is the remainder when 28273 is divided by 1848?
553
Calculate the remainder when 155129 is divided by 712.
625
Calculate the remainder when 805748 is divided by 1186.
454
Calculate the remainder when 12324215 is divided by 1540516.
87
What is the remainder when 1546679 is divided by 187?
2
What is the remainder when 7029771 is divided by 7029752?
19
What is the remainder when 161408702 is divided by 32281740?
2
Calculate the remainder when 2255747 is divided by 253.
252
What is the remainder when 115101 is divided by 2563?
2329
Calculate the remainder when 2715290 is divided by 181016.
50
Calculate the remainder when 151438 is divided by 1485.
1453
What is the remainder when 6402266 is divided by 602?
598
What is the remainder when 24397246 is divided by 130?
16
What is the remainder when 156970 is divided by 426?
202
What is the remainder when 2261548 is divided by 70?
58
What is the remainder when 62664158 is divided by 104?
102
Calculate the remainder when 2881207 is divided by 45.
37
Calculate the remainder when 1085608 is divided by 5050.
4908
What is the remainder when 6239245 is divided by 6239215?
30
What is the remainder when 600482 is divided by 301?
288
Calculate the remainder when 110932 is divided by 36906.
214
Calculate the remainder when 539777 is divided by 344.
41
What is the rem